{"id":163,"date":"2020-10-24T16:53:50","date_gmt":"2020-10-24T19:53:50","guid":{"rendered":"http:\/\/digitalgroove.com.br\/kabure\/?page_id=163"},"modified":"2021-01-19T12:09:32","modified_gmt":"2021-01-19T14:09:32","slug":"linha-chao","status":"publish","type":"page","link":"https:\/\/olariakabure.com.br\/index.php\/linha-chao\/","title":{"rendered":"Linha Ch\u00e3o"},"content":{"rendered":"\n<p>Essa linha de tijolos foi desenvolvida especificamente para ser utilizada no revestimento de piso. Estes tijolos seguem uma combina\u00e7\u00e3o adequada de ingredientes e passam por um processo de queima\u00a0controlada para proporcionarem beleza e durabilidade. O tijolo como revestimento de ch\u00e3o tem uma tradi\u00e7\u00e3o milenar, que remete\u00a0aos prim\u00f3rdios da civiliza\u00e7\u00e3o humana, trazendo rusticidade, calor e aconchego ao seu ambiente.<\/p>\n\n\n\n<p>Obs.: produtos podem apresentar pequenas varia\u00e7\u00f5es de dimens\u00f5es e de colora\u00e7\u00f5es, por se tratar de produto artesanal produzido a m\u00e3o.<\/p>\n","protected":false},"excerpt":{"rendered":"<p>Essa linha de tijolos foi desenvolvida especificamente para ser utilizada no revestimento de piso. Estes tijolos seguem uma combina\u00e7\u00e3o adequada de ingredientes e passam por um processo de queima\u00a0controlada para proporcionarem beleza e durabilidade. O tijolo como revestimento de ch\u00e3o tem uma tradi\u00e7\u00e3o milenar, que remete\u00a0aos prim\u00f3rdios da civiliza\u00e7\u00e3o humana, trazendo rusticidade, calor e aconchego [&hellip;]<\/p>\n","protected":false},"author":1,"featured_media":30,"parent":0,"menu_order":0,"comment_status":"closed","ping_status":"closed","template":"page-chao.php","meta":[],"_links":{"self":[{"href":"https:\/\/olariakabure.com.br\/index.php\/wp-json\/wp\/v2\/pages\/163"}],"collection":[{"href":"https:\/\/olariakabure.com.br\/index.php\/wp-json\/wp\/v2\/pages"}],"about":[{"href":"https:\/\/olariakabure.com.br\/index.php\/wp-json\/wp\/v2\/types\/page"}],"author":[{"embeddable":true,"href":"https:\/\/olariakabure.com.br\/index.php\/wp-json\/wp\/v2\/users\/1"}],"replies":[{"embeddable":true,"href":"https:\/\/olariakabure.com.br\/index.php\/wp-json\/wp\/v2\/comments?post=163"}],"version-history":[{"count":4,"href":"https:\/\/olariakabure.com.br\/index.php\/wp-json\/wp\/v2\/pages\/163\/revisions"}],"predecessor-version":[{"id":241,"href":"https:\/\/olariakabure.com.br\/index.php\/wp-json\/wp\/v2\/pages\/163\/revisions\/241"}],"wp:featuredmedia":[{"embeddable":true,"href":"https:\/\/olariakabure.com.br\/index.php\/wp-json\/wp\/v2\/media\/30"}],"wp:attachment":[{"href":"https:\/\/olariakabure.com.br\/index.php\/wp-json\/wp\/v2\/media?parent=163"}],"curies":[{"name":"wp","href":"https:\/\/api.w.org\/{rel}","templated":true}]}}